ided by 105?
98
Let o(u) = 8*u + 129. Suppose 53*y + 9 = 52*y. What is the remainder when 124 is divided by o(y)?
10
Let g(f) = -37*f. Suppose -12*b = -1732 + 6184. Calculate the remainder when ((-7632)/b)/((-1)/(-7)) is divided by g(-1).
33
Suppose -10*u + 49 + 160 = 39. Calculate the remainder when 151 is divided by u.
15
Let s(c) = -c**3 + 29*c**2 + 30*c + 3. Suppose -4*b + 8 = 0, 2*b - 96 = -3*g - 2. What is the remainder when 19 is divided by s(g)?
1
Suppose 15157 = 43*i - 17050. What is the remainder when i is divided by 202?
143
Let m = -6206 + 6697. Calculate the remainder when m is divided by 25.
16
Let l = -2253 - -2373. What is the remainder when 315 is divided by l?
75
Suppose j + 88 = 2*j. What is the remainder when j is divided by -98*(-1 + 30/15)/(-2)?
39
What is the remainder when (-23 - (-22)/2)*84/(-8) is divided by 7?
0
Let h = -32872 + 33866. What is the remainder when h is divided by 97?
24
Let k(x) = x**2 - 9*x + 10. Let r be k(8). Suppose 4*p + o - 188 = -3*o, -r*o + 190 = 4*p. What is the remainder when p is divided by 24?
0
Calculate the remainder when -1 - (-4 + 6)*222/(-12) is divided by 35.
1
Let l(r) be the second derivative of -r**3/3 + 28*r. Let z be l(-21). Suppose n = -n + z. Calculate the remainder when n is divided by 8.
5
Suppose -r = -5*b - 2695, -2*b + 5*r = 344 + 734. What is the remainder when 130 is divided by 294/b + (-738)/(-22)?
31
Suppose -3*z = l - 2*l + 26, z + 12 = l. What is the remainder when 505 is divided by (6 + z)/(-1 - 336/(-340))?
80
Calculate the remainder when (-2)/10 - ((-40)/500)/(2/10580) is divided by 19.
5
Calculate the remainder when 5447 is divided by 10/(-12) + 2349/486 + 198.
195
Let q = -34 + 41. Suppose 8*m - 30 = -2*m. What is the remainder when m/(-27) - (-2956)/36 is divided by q?
5
Suppose -k = -165 + 48. Let q = 174 - k. Calculate the remainder when q is divided by (-104)/(-12) + 8/6.
7
Suppose -207*v - 5 = -208*v. Suppose -2*x + 3*x = -v*b + 1246, -497 = -2*b + x. What is the remainder when b is divided by 18?
15
What is the remainder when 483 is divided by ((5 - 53)/(-6))/((-2)/(-31))?
111
Let i(s) = -2*s**3 + 13*s**2 + 60*s - 354. What is the remainder when 128 is divided by i(6)?
2
Suppose 73 + 364 = i. Suppose i = -2*g + 681. What is the remainder when g is divided by 21?
17
Suppose -f - 57 = -4*f. Suppose 164923 - 165063 = -35*a. Calculate the remainder when f is divided by a.
3
Let p = 3744 + -3032. What is the remainder when p is divided by 66?
52
Suppose 7*f = -121 + 135, f - 966 = -2*k. Calculate the remainder when k is divided by 41.
31
Suppose z = -u + 686, -2*z + 14*u = 11*u - 1397. What is the remainder when z is divided by 58?
53
Suppose 5*z - 1 = 3*b, -3*b = -b - 6. Let h = -62 - -120. Calculate the remainder when h is divided by z/(1*4/((-64)/(-2))).
10
Suppose 1557*b - 748 = 1554*b - 5*m, -3*b - 4*m + 743 = 0. What is the remainder when b is divided by 124?
117
Let t(p) = 29*p**3 + 437*p**2 + 5*p + 22. Calculate the remainder when t(-15) is divided by 87.
49
Let c(a) = 2*a**3 + 22*a**2 - 21*a - 50. Let u be c(-12). Let z = 375 + u. Calculate the remainder when z is divided by 29.
28
Let i = -327 - -1839. Calculate the remainder when i is divided by 15.
12
Let u = 153 + -138. Suppose u*q - 8*q - 28 = 0. Calculate the remainder when 4 is divided by q.
0
Let u(x) = -195*x - 1534. Calculate the remainder when u(-9) is divided by 50.
21
What is the remainder when (-14)/(-3)*78840/210 is divided by 27?
24
What is the remainder when 1/(4/(-67))*8*(9 + -10) is divided by 9?
8
Let c(k) = k**3 - 9*k**2 + 30*k - 3. Let b(w) = w**3 - 9*w**2 + 28*w - 2. Let i(o) = -7*b(o) + 6*c(o). Calculate the remainder when i(5) is divided by 5.
1
What is the remainder when (140/560)/(2/321040) is divided by 254?
252
Suppose -28*p + 25045 = 7545. Calculate the remainder when p is divided by 26.
1
Let p(b) be the first derivative of 4*b**2 + 10*b - 6. Calculate the remainder when 14 is divided by p(0).
4
Let y be (-3 + 2)/(5/(-5)). What is the remainder when 273 is divided by y/(2/14) + 5?
9
Let s(z) = 2*z**2 - 264*z + 8358. Suppose -5*c + 2 = -123. Calculate the remainder when s(81) is divided by c.
21
Let l = 23955 + -10711. Calculate the remainder when l is divided by 37.
35
Let g = -14 + 7. Let o be g*(240/(-14))/5. Let j = o - 15. What is the remainder when 34 is divided by j?
7
Suppose 23*q = 746 + 623 + 218. Calculate the remainder when 496 is divided by q.
13
Suppose 0 = -0*a - a. Suppose 5*f = -a*f + 30. Suppose 17 = -5*i + f*i. What is the remainder when i is divided by 10?
7
Let o = 12362 + -12334. Calculate the remainder when 345 is divided by o.
9
Let o = 0 + 50. Suppose d = -11*s + 10*s + 147, -3*d - 4*s = -441. Calculate the remainder when d is divided by o.
47
Let k(y) = y**2 - 16*y + 8. Let x be k(11). Let r = x + 52. Suppose 2*g - 79 = -i - 0*i, r*g - 156 = -2*i. What is the remainder when i is divided by 14?
13
Calculate the remainder when (-8516)/(-11) - (30/(-825))/(9/(-45)) is divided by 80.
54
Let o(p) = 10*p + 2. Let u be o(7). Suppose -t + 21 = 2*i, t + 5*i = -3*t + u. Suppose 0 = -3*d - t + 85. What is the remainder when d is divided by 13?
11
What is the remainder when (5253/34)/((-12)/(-24)) is divided by 62?
61
Let t(c) = 4*c - 40. Let i(q) = 2*q - 20. Let p(o) = 7*i(o) - 3*t(o). Let l be 11 + -1 - (-11 + 1). What is the remainder when p(l) is divided by 12?
8
Suppose -9324 + 10008 = 6*r. Calculate the remainder when 558 is divided by r.
102
Let i = -900 - 715. Calculate the remainder when (-8356)/(-38) + (-170)/i is divided by 58.
46
Let a(d) = -d**3 - 22*d**2 - 39*d + 20. Let f be a(-20). Suppose 2*s - 8*s + 132 = f. What is the remainder when 82 is divided by s?
16
Let v be 6/9*102/4. Let k = 70 + -67. Let c = k + v. What is the remainder when 79 is divided by c?
19
Let n be 7 + 60/(-5) + -5. Calculate the remainder when 156 is divided by 14/35 + (-526)/n.
50
Suppose -k = -5*f - 170 + 924, 0 = -5*k + 30. What is the remainder when 279 is divided by f?
127
Calculate the remainder when (15/(-9) + 1)*(-214929)/286 is divided by 136.
93
Let n(l) = -4*l + 9*l + 3*l + 2*l**2 - 8. Calculate the remainder when (-202)/1717 + 5157/51 is divided by n(-7).
33
Let f(g) = -2*g**3 + 4*g**2 - 5*g + 3. What is the remainder when 127 is divided by f(0)?
1
Let p = 761 - -20. What is the remainder when p is divided by 76?
21
Let k(g) = -g**3 + 12*g**2 + 15*g - 9. Let x be k(13). Let n = 73 - x. What is the remainder when 110 is divided by n?
54
Suppose 3*g + 253 = j - 10, -2*j + 2*g = -510. Let l = 288 - j. Let x(r) = r + 5. Calculate the remainder when l is divided by x(5).
7
Suppose 0 = -4*m - 20, 5*m + 1583 = 2*x - 784. Calculate the remainder when x is divided by 49.
44
Suppose 4*q - 36710 = -2*r, 69*q + 27543 = 72*q + 5*r. Calculate the remainder when q is divided by 161.
160
Let o = -5278 - -5298. Calculate the remainder when 1799 is divided by o.
19
Let z(b) = 3*b**2 - 14*b - 177. Calculate the remainder when z(-7) is divided by -2 - 2*(-16)/2.
12
Suppose -f = -51 - 26. Suppose o - 362 = -5*w + 41, w = -2*o + f. Suppose -2*z = -w - 45. Calculate the remainder when z is divided by 17.
12
What is the remainder when ((-315 - 13) + -3)/(2/(-2)) is divided by 68?
59
Let g be 1608/(-18)*45/(-6). Let z = 712 - g. Calculate the remainder when 247 is divided by z.
37
Suppose 0*a - 1062 = -3*r - a, -2*r + 5*a = -708. Suppose 3*m - 387 - r = 0. What is the remainder when m is divided by 62?
61
Let c = 4670 - 2422. What is the remainder when c is divided by 98?
92
What is the remainder when 248 is divided by (-40)/360 + (514/9 - 1)?
24
Let n(b) = 39*b + 3. Let z be n(3). Let j = z + -118. Suppose 3*r - g = 501 + 41, -2*r + j*g = -364. What is the remainder when r is divided by 46?
42
Let f be 2/(-5) + 3920/50. Let c = f + -66. Calculate the remainder when ((-32)/c + 2)*-45 is divided by 16.
14
Let t = -19321 - -19894. What is the remainder when 630 is divided by t?
57
Let u be 2/((-5)/(-3)*(-6)/(-20)). Suppose 2*v - 15 = a, u*v - a = 9*v - 20. Calculate the remainder when 24 is divided by v.
4
Let a = 7656 + -5911. What is the remainder when a is divided by 581?
2
Let j = 25 - -4. Let d(t) = t**2 + 20*t + 100. Let o be d(-14). Suppose -5*z - o*z = -4242. What is the re